ndreds digit of 2514?
5
What is the thousands digit of 3319?
3
What is the thousands digit of 107046?
7
What is the tens digit of 11405?
0
What is the hundreds digit of 115145?
1
What is the units digit of 4267?
7
What is the units digit of 675?
5
What is the thousands digit of 29128?
9
What is the thousands digit of 3843?
3
What is the ten thousands digit of 41490?
4
What is the units digit of 106407?
7
What is the hundreds digit of 18843?
8
What is the hundreds digit of 457?
4
What is the hundreds digit of 2031?
0
What is the units digit of 1598?
8
What is the tens digit of 266?
6
What is the ten thousands digit of 113330?
1
What is the tens digit of 37389?
8
What is the tens digit of 2478?
7
What is the tens digit of 81317?
1
What is the ten thousands digit of 95770?
9
What is the thousands digit of 10066?
0
What is the ten thousands digit of 21091?
2
What is the hundreds digit of 5263?
2
What is the tens digit of 1305?
0
What is the thousands digit of 49743?
9
What is the units digit of 7407?
7
What is the tens digit of 16520?
2
What is the thousands digit of 38298?
8
What is the tens digit of 900?
0
What is the tens digit of 903?
0
What is the tens digit of 21379?
7
What is the units digit of 82503?
3
What is the units digit of 4614?
4
What is the units digit of 713?
3
What is the tens digit of 11624?
2
What is the tens digit of 2883?
8
What is the tens digit of 4877?
7
What is the tens digit of 919?
1
What is the hundreds digit of 4375?
3
What is the hundreds digit of 46128?
1
What is the tens digit of 79971?
7
What is the tens digit of 61059?
5
What is the hundreds digit of 715?
7
What is the tens digit of 39981?
8
What is the thousands digit of 2125?
2
What is the units digit of 5657?
7
What is the units digit of 2183?
3
What is the tens digit of 58398?
9
What is the hundreds digit of 34709?
7
What is the thousands digit of 23775?
3
What is the hundreds digit of 135560?
5
What is the hundreds digit of 8609?
6
What is the hundreds digit of 489?
4
What is the hundreds digit of 927?
9
What is the hundreds digit of 4591?
5
What is the hundreds digit of 762?
7
What is the tens digit of 926?
2
What is the units digit of 767?
7
What is the units digit of 30?
0
What is the units digit of 1169?
9
What is the units digit of 97202?
2
What is the ten thousands digit of 28259?
2
What is the ten thousands digit of 16439?
1
What is the units digit of 14540?
0
What is the tens digit of 436?
3
What is the tens digit of 58345?
4
What is the tens digit of 7386?
8
What is the tens digit of 2141?
4
What is the units digit of 2126?
6
What is the units digit of 6717?
7
What is the thousands digit of 19928?
9
What is the tens digit of 776?
7
What is the units digit of 1117?
7
What is the tens digit of 71?
7
What is the tens digit of 1736?
3
What is the ten thousands digit of 17415?
1
What is the ten thousands digit of 10573?
1
What is the units digit of 31049?
9
What is the tens digit of 1678?
7
What is the hundreds digit of 11654?
6
What is the tens digit of 800?
0
What is the tens digit of 50274?
7
What is the units digit of 2261?
1
What is the units digit of 1232?
2
What is the hundreds digit of 18035?
0
What is the units digit of 11208?
8
What is the ten thousands digit of 14053?
1
What is the units digit of 4307?
7
What is the tens digit of 3604?
0
What is the thousands digit of 10727?
0
What is the tens digit of 22704?
0
What is the units digit of 697?
7
What is the units digit of 8035?
5
What is the units digit of 86?
6
What is the tens digit of 1710?
1
What is the units digit of 36269?
9
What is the units digit of 704?
4
What is the hundreds digit of 761?
7
What is the hundreds digit of 472?
4
What is the hundreds digit of 171451?
4
What is the ten thousands digit of 69201?
6
What is the hundreds digit of 100?
1
What is the hundreds digit of 87563?
5
What is the tens digit of 392?
9
What is the thousands digit of 1032?
1
What is the tens digit of 53?
5
What is the thousands digit of 5319?
5
What is the thousands digit of 12632?
2
What is the units digit of 5778?
8
What is the tens digit of 1591?
9
What is the tens digit of 142863?
6
What is the thousands digit of 16193?
6
What is the ten thousands digit of 10846?
1
What is the tens digit of 2902?
0
What is the thousands digit of 15244?
5
What is the tens digit of 220?
2
What is the ten thousands digit of 87614?
8
What is the ten thousands digit of 24906?
2
What is the ten thousands digit of 12970?
1
What is the tens digit of 74165?
6
What is the tens digit of 7535?
3
What is the tens digit of 2551?
5
What is the units digit of 537?
7
What is the thousands digit of 6816?
6
What is the units digit of 123?
3
What is the units digit of 13515?
5
What is the units digit of 850?
0
What is the thousands digit of 56780?
6
What is the units digit of 6474?
4
What is the ten thousands digit of 18095?
1
What is the units digit of 467?
7
What is the hundreds digit of 4179?
1
What is the tens digit of 457?
5
What is the units digit of 9762?
2
What is the units digit of 125779?
9
What is the tens digit of 140971?
7
What is the thousands digit of 2031?
2
What is the units digit of 6035?
5
What is the units digit of 64953?
3
What is the ten thousands digit of 20784?
2
What is the ten thousands digit of 32279?
3
What is the units digit of 2098?
8
What is the ten thousands digit of 43217?
4
What is the thousands digit of 1499?
1
What is the tens digit of 1420?
2
What is the ten thousands digit of 57691?
5
What is the ten thousands digit of 12270?
1
What is the ten thousands digit of 70398?
7
What is the hundreds digit of 649?
6
What is the hundreds digit of 1153?
1
What is the thousands digit of 7078?
7
What is the units digit of 242?
2
What is the thousands digit of 4307?
4
What is the thousands digit of 39068?
9
What is the thousands digit of 7014?
7
What is the units digit of 769?
9
What is the tens digit of 53411?
1
What is the thousands digit of 2026?
2
What is the hundreds digit of 54266?
2
What is the units digit of 3385?
5
What is the hundreds digit of 179?
1
What is the hundreds digit of 16982?
9
What is the hundreds digit of 1286?
2
What is the tens digit of 29546?
4
What is the tens digit of 649?
4
What is the thousands digit of 9341?
9
What is the hundreds digit of 225?
2
What is the tens digit of 7643?
4
What is the hundreds digit of 26189?
1
What is the hundreds digit of 710?
7
What is the tens digit of 575?
7
What is the tens digit of 586?
8
What is the units digit of 36597?
7
What is the ten thousands digit of 16683?
1
What is the units digit of 185?
5
What is the units digit of 1281?
1
What is the units digit of 28964?
4
What is the units digit of 99228?
8
What is the tens digit of 24524?
2
What is the units digit of 53599?
9
What is the ten thousands digit of 47712?
4
What is the hundreds digit of 786?
7
What is the units digit of 186?
6
What is the tens digit of 749?
4
What is the tens digit of 48627?
2
What is the hundreds digit of 43856?
8
What is the hundreds digit of 1781?
7
What is the tens digit of 2537?
3
What is the thousands digit of 52558?
2
What is the thousands digit of 1415?
1
What is the hundreds digit of 2575?
5
What is the hundreds digit of 430?
4
What is the units digit of 464?
4
What is the units digit of 9128?
8
What is the thousands digit of 1528?
1
What is the units digit of 215?
5
What is the thousands digit of 28204?
8
What is the thousands digit of 58314?
8
What is the hundreds digit of 113418?
4
What is the units digit of 6249?
9
What is the units digit of 67727?
7
What is the hundreds digit of 33552?
5
What is the units digit of 84628?
8
What is the hundreds digit of 529?
5
What is the thousands digit of 10149?
0
What is the units digit of 110735?
5
What is the hundreds digit of 18234?
2
What is the units digit of 115515?
5
What is the hundred thousands digit of 115632?
1
What is the tens digit of 1522?
2
What is the thousands digit of 1169?
1
What is the thousands digit of 2736?
2
What is the units digit of 56504?
4
What is the units digit of 20515?
5
What is the tens digit of 236?
3
What is the hundreds digit of 13568?
5
What is the tens digit of 56459?
5
What is the hundreds digit of 2172?
1
What is the hundreds digit of 8251?
2
What is the tens digit of 2137?
3
What i